{"id":4193,"date":"2021-01-08T06:36:54","date_gmt":"2021-01-08T06:36:54","guid":{"rendered":"https:\/\/techtrix.peacefulqode.com\/?page_id=4193"},"modified":"2022-01-03T16:49:45","modified_gmt":"2022-01-03T15:49:45","slug":"three-column-blog","status":"publish","type":"page","link":"https:\/\/www.claudiomarotta.it\/index.php\/three-column-blog\/","title":{"rendered":"Three Column Blog"},"content":{"rendered":"\t\t<div data-elementor-type=\"wp-page\" data-elementor-id=\"4193\" class=\"elementor elementor-4193\" data-elementor-settings=\"[]\">\n\t\t\t\t\t\t\t<div class=\"elementor-section-wrap\">\n\t\t\t\t\t\t\t<div class=\"elementor-section elementor-top-section elementor-element elementor-element-b44899e elementor-section-full_width elementor-section-stretched elementor-section-height-default elementor-section-height-default\" data-id=\"b44899e\" data-element_type=\"section\" data-settings=\"{&quot;stretch_section&quot;:&quot;section-stretched&quot;}\">\n\t\t\t\t\t\t<div class=\"elementor-container elementor-column-gap-default\">\n\t\t\t\t\t<div class=\"elementor-column elementor-col-100 elementor-top-column elementor-element elementor-element-4347ba4\" data-id=\"4347ba4\" data-element_type=\"column\">\n\t\t\t<div class=\"elementor-widget-wrap elementor-element-populated\">\n\t\t\t\t\t\t\t\t<div class=\"elementor-section elementor-inner-section elementor-element elementor-element-75f10d0 elementor-section-boxed elementor-section-height-default elementor-section-height-default\" data-id=\"75f10d0\" data-element_type=\"section\">\n\t\t\t\t\t\t<div class=\"elementor-container elementor-column-gap-default\">\n\t\t\t\t\t<div class=\"elementor-column elementor-col-100 elementor-inner-column elementor-element elementor-element-5bbfa34\" data-id=\"5bbfa34\" data-element_type=\"column\">\n\t\t\t<div class=\"elementor-widget-wrap elementor-element-populated\">\n\t\t\t\t\t\t\t\t<div class=\"elementor-element elementor-element-c28635f elementor-widget elementor-widget-blog\" data-id=\"c28635f\" data-element_type=\"widget\" data-widget_type=\"blog.default\">\n\t\t\t\t<div class=\"elementor-widget-container\">\n\t\t\t\r\n<div class=\"pt-blog pt-blog-col-3\">\r\n\r\n  <div class=\"row\">   \r\n\r\n    \r\n\r\n    \r\n    <div class=\"col-lg-4\">\r\n\r\n     <div class=\"pt-blog-post\">\r\n\r\n    <div class=\"pt-post-media\">\r\n\r\n      \r\n    <\/div>\r\n\r\n    <div class=\"pt-blog-contain\">\r\n\r\n      \r\n    <div class=\"pt-post-meta\">\r\n\r\n      <ul>        \r\n\r\n       <li class=\"pt-post-author\"><i class=\"fa fa-user\"><\/i>admin1673<\/li>\r\n\r\n        <li class=\"pt-post-meta\"><a href=\"https:\/\/www.claudiomarotta.it\/index.php\/2022\/01\/03\/\"><i class=\"fa fa-calendar\"><\/i>Gennaio 2022<\/a>\r\n\r\n        <\/li>\r\n\r\n        <li class=\"pt-post-tag\">\r\n\r\n           \r\n           <a href=\"https:\/\/www.claudiomarotta.it\/index.php\/category\/senza-categoria\/\"><i class=\"fa fa-tag\"><\/i>Senza categoria<\/a>\r\n\r\n             \r\n\r\n        <\/li>\r\n\r\n       \r\n\r\n      <\/ul>\r\n\r\n    <\/div>\r\n\r\n      \r\n\r\n      <h5 class=\"pt-blog-title\"><a href=\"https:\/\/www.claudiomarotta.it\/index.php\/2022\/01\/03\/sanificazione-silver-barrier\/\">Sanificazione SILVER BARRIER<\/a><\/h5>\r\n\r\n     \r\n\r\n     \r\n\r\n          <p>DISPOSITIVO AUTOMATICO PROFESSIONALE PER L\u2019IGENE DI ARIA E SUPERFICI&nbsp; Il Covid mi ha trasformato in un Sanificatore, grazie alla mia esperienza nella sicurezza con i Nebbiogeni con Aura Sicurezza sono venuto in contatto con&nbsp; questo dispositivo innovativo e molto efficace. I vari metodi e prodotti, vedi ozono&nbsp; e disinfettanti, al momento sanificano ma al contatto [&hellip;]<\/p>\n \r\n\r\n            <div class=\"pt-btn-container\">\r\n\r\n        <a href=\"https:\/\/www.claudiomarotta.it\/index.php\/2022\/01\/03\/sanificazione-silver-barrier\/\" class=\"pt-button\" >\r\n\r\n          <div class=\"pt-button-block\">\r\n\r\n            <span class=\"pt-button-line-left\"><\/span>\r\n\r\n            <span  class=\"pt-button-text\">Read More<\/span>\r\n\r\n            <span class=\"pt-button-line-right\"><\/span>\r\n\r\n            \r\n          <\/div>  \r\n\r\n      <\/a>\r\n\r\n    <\/div>\r\n\r\n    <\/div>\r\n\r\n<\/div>\r\n\r\n    <\/div>\r\n\r\n    \r\n\r\n    \r\n    <div class=\"col-lg-4\">\r\n\r\n     <div class=\"pt-blog-post\">\r\n\r\n    <div class=\"pt-post-media\">\r\n\r\n      \r\n    <\/div>\r\n\r\n    <div class=\"pt-blog-contain\">\r\n\r\n      \r\n    <div class=\"pt-post-meta\">\r\n\r\n      <ul>        \r\n\r\n       <li class=\"pt-post-author\"><i class=\"fa fa-user\"><\/i>admin1673<\/li>\r\n\r\n        <li class=\"pt-post-meta\"><a href=\"https:\/\/www.claudiomarotta.it\/index.php\/2022\/01\/03\/\"><i class=\"fa fa-calendar\"><\/i>Gennaio 2022<\/a>\r\n\r\n        <\/li>\r\n\r\n        <li class=\"pt-post-tag\">\r\n\r\n           \r\n           <a href=\"https:\/\/www.claudiomarotta.it\/index.php\/category\/senza-categoria\/\"><i class=\"fa fa-tag\"><\/i>Senza categoria<\/a>\r\n\r\n             \r\n\r\n        <\/li>\r\n\r\n       \r\n\r\n      <\/ul>\r\n\r\n    <\/div>\r\n\r\n      \r\n\r\n      <h5 class=\"pt-blog-title\"><a href=\"https:\/\/www.claudiomarotta.it\/index.php\/2022\/01\/03\/ricarica-auto-elettriche-scame-mobility\/\">Ricarica auto elettriche &#8211; Scame Mobility<\/a><\/h5>\r\n\r\n     \r\n\r\n     \r\n\r\n          <p>Se pensate di comprare un auto elettrica, oltre al modello, dovete pensare anche come la ricarico? La ricarica presso le stazioni pubbliche ha un costo elevato ed alcune terminata la ricarica vi addebitano un costo per la sosta&nbsp; non economico. Il carica batterie in dotazione in genere ha una potenza di erogazione di 5 Ah, [&hellip;]<\/p>\n \r\n\r\n            <div class=\"pt-btn-container\">\r\n\r\n        <a href=\"https:\/\/www.claudiomarotta.it\/index.php\/2022\/01\/03\/ricarica-auto-elettriche-scame-mobility\/\" class=\"pt-button\" >\r\n\r\n          <div class=\"pt-button-block\">\r\n\r\n            <span class=\"pt-button-line-left\"><\/span>\r\n\r\n            <span  class=\"pt-button-text\">Read More<\/span>\r\n\r\n            <span class=\"pt-button-line-right\"><\/span>\r\n\r\n            \r\n          <\/div>  \r\n\r\n      <\/a>\r\n\r\n    <\/div>\r\n\r\n    <\/div>\r\n\r\n<\/div>\r\n\r\n    <\/div>\r\n\r\n    \r\n\r\n    \r\n    <div class=\"col-lg-4\">\r\n\r\n     <div class=\"pt-blog-post\">\r\n\r\n    <div class=\"pt-post-media\">\r\n\r\n      \r\n    <\/div>\r\n\r\n    <div class=\"pt-blog-contain\">\r\n\r\n      \r\n    <div class=\"pt-post-meta\">\r\n\r\n      <ul>        \r\n\r\n       <li class=\"pt-post-author\"><i class=\"fa fa-user\"><\/i>admin1673<\/li>\r\n\r\n        <li class=\"pt-post-meta\"><a href=\"https:\/\/www.claudiomarotta.it\/index.php\/2022\/01\/03\/\"><i class=\"fa fa-calendar\"><\/i>Gennaio 2022<\/a>\r\n\r\n        <\/li>\r\n\r\n        <li class=\"pt-post-tag\">\r\n\r\n           \r\n           <a href=\"https:\/\/www.claudiomarotta.it\/index.php\/category\/senza-categoria\/\"><i class=\"fa fa-tag\"><\/i>Senza categoria<\/a>\r\n\r\n             \r\n\r\n        <\/li>\r\n\r\n       \r\n\r\n      <\/ul>\r\n\r\n    <\/div>\r\n\r\n      \r\n\r\n      <h5 class=\"pt-blog-title\"><a href=\"https:\/\/www.claudiomarotta.it\/index.php\/2022\/01\/03\/fibra-ottica-ftth\/\">FIBRA OTTICA  FTTH<\/a><\/h5>\r\n\r\n     \r\n\r\n     \r\n\r\n          <p>La velocit\u00e0 di navigazione \u00e8 oggi un prerequisito indispensabile per le imprese, ma \u00e8 sempre pi\u00f9 utilizzata anche dall\u2019utenza domestica. Con&nbsp; l\u2019aumentare dei servizi on line di uso quotidiano, aumenta infatti la necessit\u00e0 di potersi collegare a velocit\u00e0 sostenute, per non rallentare le attivit\u00e0 di tutti i giorni. Se da un lato il Download della [&hellip;]<\/p>\n \r\n\r\n            <div class=\"pt-btn-container\">\r\n\r\n        <a href=\"https:\/\/www.claudiomarotta.it\/index.php\/2022\/01\/03\/fibra-ottica-ftth\/\" class=\"pt-button\" >\r\n\r\n          <div class=\"pt-button-block\">\r\n\r\n            <span class=\"pt-button-line-left\"><\/span>\r\n\r\n            <span  class=\"pt-button-text\">Read More<\/span>\r\n\r\n            <span class=\"pt-button-line-right\"><\/span>\r\n\r\n            \r\n          <\/div>  \r\n\r\n      <\/a>\r\n\r\n    <\/div>\r\n\r\n    <\/div>\r\n\r\n<\/div>\r\n\r\n    <\/div>\r\n\r\n    \r\n\r\n    \r\n    <div class=\"col-lg-4\">\r\n\r\n     <div class=\"pt-blog-post\">\r\n\r\n    <div class=\"pt-post-media\">\r\n\r\n      \r\n    <\/div>\r\n\r\n    <div class=\"pt-blog-contain\">\r\n\r\n      \r\n    <div class=\"pt-post-meta\">\r\n\r\n      <ul>        \r\n\r\n       <li class=\"pt-post-author\"><i class=\"fa fa-user\"><\/i>admin1673<\/li>\r\n\r\n        <li class=\"pt-post-meta\"><a href=\"https:\/\/www.claudiomarotta.it\/index.php\/2022\/01\/03\/\"><i class=\"fa fa-calendar\"><\/i>Gennaio 2022<\/a>\r\n\r\n        <\/li>\r\n\r\n        <li class=\"pt-post-tag\">\r\n\r\n           \r\n           <a href=\"https:\/\/www.claudiomarotta.it\/index.php\/category\/senza-categoria\/\"><i class=\"fa fa-tag\"><\/i>Senza categoria<\/a>\r\n\r\n             \r\n\r\n        <\/li>\r\n\r\n       \r\n\r\n      <\/ul>\r\n\r\n    <\/div>\r\n\r\n      \r\n\r\n      <h5 class=\"pt-blog-title\"><a href=\"https:\/\/www.claudiomarotta.it\/index.php\/2022\/01\/03\/reti-locali-lan\/\">Reti locali LAN<\/a><\/h5>\r\n\r\n     \r\n\r\n     \r\n\r\n          <p>ETHERNET \u00e8 lo&nbsp; STANDARD di fatto per le reti locali LAN, definisce una famiglia di tecnologie di livello fisico e di collegamento per reti di computer. La prima versione di Ethernet \u00e8 datata 1980, prevede l\u2019utilizzo di una topologia a BUS tramite cavo coassiale, la velocit\u00e0&nbsp; massima raggiungibile era di 10Mbit\/s Con l\u2019evoluzione degli standard&nbsp; [&hellip;]<\/p>\n \r\n\r\n            <div class=\"pt-btn-container\">\r\n\r\n        <a href=\"https:\/\/www.claudiomarotta.it\/index.php\/2022\/01\/03\/reti-locali-lan\/\" class=\"pt-button\" >\r\n\r\n          <div class=\"pt-button-block\">\r\n\r\n            <span class=\"pt-button-line-left\"><\/span>\r\n\r\n            <span  class=\"pt-button-text\">Read More<\/span>\r\n\r\n            <span class=\"pt-button-line-right\"><\/span>\r\n\r\n            \r\n          <\/div>  \r\n\r\n      <\/a>\r\n\r\n    <\/div>\r\n\r\n    <\/div>\r\n\r\n<\/div>\r\n\r\n    <\/div>\r\n\r\n    \r\n\r\n    \r\n    <div class=\"col-lg-4\">\r\n\r\n     <div class=\"pt-blog-post\">\r\n\r\n    <div class=\"pt-post-media\">\r\n\r\n      \r\n    <\/div>\r\n\r\n    <div class=\"pt-blog-contain\">\r\n\r\n      \r\n    <div class=\"pt-post-meta\">\r\n\r\n      <ul>        \r\n\r\n       <li class=\"pt-post-author\"><i class=\"fa fa-user\"><\/i>admin1673<\/li>\r\n\r\n        <li class=\"pt-post-meta\"><a href=\"https:\/\/www.claudiomarotta.it\/index.php\/2022\/01\/03\/\"><i class=\"fa fa-calendar\"><\/i>Gennaio 2022<\/a>\r\n\r\n        <\/li>\r\n\r\n        <li class=\"pt-post-tag\">\r\n\r\n           \r\n           <a href=\"https:\/\/www.claudiomarotta.it\/index.php\/category\/senza-categoria\/\"><i class=\"fa fa-tag\"><\/i>Senza categoria<\/a>\r\n\r\n             \r\n\r\n        <\/li>\r\n\r\n       \r\n\r\n      <\/ul>\r\n\r\n    <\/div>\r\n\r\n      \r\n\r\n      <h5 class=\"pt-blog-title\"><a href=\"https:\/\/www.claudiomarotta.it\/index.php\/2022\/01\/03\/impianti-antintrusione-e-videosorveglianza\/\">Impianti antintrusione e videosorveglianza<\/a><\/h5>\r\n\r\n     \r\n\r\n     \r\n\r\n          <p>L\u2019impianto di Sicurezza \u00e8 come un vestito, si pu\u00f2 comprare dal Cinese di turno, a bassissimo costo ma di dubbia qualit\u00e0 e va bene per tutti, oppure si va da un bravo Sarto che vi confeziona un abito su misura per voi, cercando di correggere tutti i vostri difetti e utilizzando la migliore stoffa adatta [&hellip;]<\/p>\n \r\n\r\n            <div class=\"pt-btn-container\">\r\n\r\n        <a href=\"https:\/\/www.claudiomarotta.it\/index.php\/2022\/01\/03\/impianti-antintrusione-e-videosorveglianza\/\" class=\"pt-button\" >\r\n\r\n          <div class=\"pt-button-block\">\r\n\r\n            <span class=\"pt-button-line-left\"><\/span>\r\n\r\n            <span  class=\"pt-button-text\">Read More<\/span>\r\n\r\n            <span class=\"pt-button-line-right\"><\/span>\r\n\r\n            \r\n          <\/div>  \r\n\r\n      <\/a>\r\n\r\n    <\/div>\r\n\r\n    <\/div>\r\n\r\n<\/div>\r\n\r\n    <\/div>\r\n\r\n    \r\n\r\n    \r\n    <div class=\"col-lg-4\">\r\n\r\n     <div class=\"pt-blog-post\">\r\n\r\n    <div class=\"pt-post-media\">\r\n\r\n      \r\n    <\/div>\r\n\r\n    <div class=\"pt-blog-contain\">\r\n\r\n      \r\n    <div class=\"pt-post-meta\">\r\n\r\n      <ul>        \r\n\r\n       <li class=\"pt-post-author\"><i class=\"fa fa-user\"><\/i>admin1673<\/li>\r\n\r\n        <li class=\"pt-post-meta\"><a href=\"https:\/\/www.claudiomarotta.it\/index.php\/2022\/01\/03\/\"><i class=\"fa fa-calendar\"><\/i>Gennaio 2022<\/a>\r\n\r\n        <\/li>\r\n\r\n        <li class=\"pt-post-tag\">\r\n\r\n           \r\n           <a href=\"https:\/\/www.claudiomarotta.it\/index.php\/category\/senza-categoria\/\"><i class=\"fa fa-tag\"><\/i>Senza categoria<\/a>\r\n\r\n             \r\n\r\n        <\/li>\r\n\r\n       \r\n\r\n      <\/ul>\r\n\r\n    <\/div>\r\n\r\n      \r\n\r\n      <h5 class=\"pt-blog-title\"><a href=\"https:\/\/www.claudiomarotta.it\/index.php\/2022\/01\/03\/antenne-tv\/\">Antenne TV<\/a><\/h5>\r\n\r\n     \r\n\r\n     \r\n\r\n          <p>L\u2019installazione di antenne per la ricezione dei canali televisivi&nbsp; \u00e8 stato sempre un problema qui a Roma, per la scarsa diffusione di impianti centralizzati,&nbsp; considerati impianti di basso livello. L\u2019impianto centralizzato ormai ha raggiunto un livello di assoluta qualit\u00e0,&nbsp; specialmente con la trasmissione digitale, oggi \u00e8 consigliabile installare un impianto centralizzato, per contenere i costi [&hellip;]<\/p>\n \r\n\r\n            <div class=\"pt-btn-container\">\r\n\r\n        <a href=\"https:\/\/www.claudiomarotta.it\/index.php\/2022\/01\/03\/antenne-tv\/\" class=\"pt-button\" >\r\n\r\n          <div class=\"pt-button-block\">\r\n\r\n            <span class=\"pt-button-line-left\"><\/span>\r\n\r\n            <span  class=\"pt-button-text\">Read More<\/span>\r\n\r\n            <span class=\"pt-button-line-right\"><\/span>\r\n\r\n            \r\n          <\/div>  \r\n\r\n      <\/a>\r\n\r\n    <\/div>\r\n\r\n    <\/div>\r\n\r\n<\/div>\r\n\r\n    <\/div>\r\n\r\n    \r\n\r\n    \r\n    <div class=\"col-lg-4\">\r\n\r\n     <div class=\"pt-blog-post\">\r\n\r\n    <div class=\"pt-post-media\">\r\n\r\n      \r\n    <\/div>\r\n\r\n    <div class=\"pt-blog-contain\">\r\n\r\n      \r\n    <div class=\"pt-post-meta\">\r\n\r\n      <ul>        \r\n\r\n       <li class=\"pt-post-author\"><i class=\"fa fa-user\"><\/i>admin1673<\/li>\r\n\r\n        <li class=\"pt-post-meta\"><a href=\"https:\/\/www.claudiomarotta.it\/index.php\/2022\/01\/03\/\"><i class=\"fa fa-calendar\"><\/i>Gennaio 2022<\/a>\r\n\r\n        <\/li>\r\n\r\n        <li class=\"pt-post-tag\">\r\n\r\n           \r\n           <a href=\"https:\/\/www.claudiomarotta.it\/index.php\/category\/senza-categoria\/\"><i class=\"fa fa-tag\"><\/i>Senza categoria<\/a>\r\n\r\n             \r\n\r\n        <\/li>\r\n\r\n       \r\n\r\n      <\/ul>\r\n\r\n    <\/div>\r\n\r\n      \r\n\r\n      <h5 class=\"pt-blog-title\"><a href=\"https:\/\/www.claudiomarotta.it\/index.php\/2022\/01\/03\/impianti-di-illuminazione\/\">Impianti di illuminazione<\/a><\/h5>\r\n\r\n     \r\n\r\n     \r\n\r\n          <p>Illuminazione riflessa con strisce a Led ad alta resa luminosa&nbsp; con oltre 30000 h ore di vita Illuminare un locale non \u00e8 cos\u00ec semplice, basta installare n lampade e tutto \u00e8 fatto , non \u00e8 cos\u00ec. Occorre fare un calcolo illuminotecnico delle sorgenti luminose e dell\u2019ambiente che si intende illuminare, calcolando&nbsp; il coefficiente di riflessione [&hellip;]<\/p>\n \r\n\r\n            <div class=\"pt-btn-container\">\r\n\r\n        <a href=\"https:\/\/www.claudiomarotta.it\/index.php\/2022\/01\/03\/impianti-di-illuminazione\/\" class=\"pt-button\" >\r\n\r\n          <div class=\"pt-button-block\">\r\n\r\n            <span class=\"pt-button-line-left\"><\/span>\r\n\r\n            <span  class=\"pt-button-text\">Read More<\/span>\r\n\r\n            <span class=\"pt-button-line-right\"><\/span>\r\n\r\n            \r\n          <\/div>  \r\n\r\n      <\/a>\r\n\r\n    <\/div>\r\n\r\n    <\/div>\r\n\r\n<\/div>\r\n\r\n    <\/div>\r\n\r\n    \r\n\r\n    \r\n    <div class=\"col-lg-4\">\r\n\r\n     <div class=\"pt-blog-post\">\r\n\r\n    <div class=\"pt-post-media\">\r\n\r\n      \r\n    <\/div>\r\n\r\n    <div class=\"pt-blog-contain\">\r\n\r\n      \r\n    <div class=\"pt-post-meta\">\r\n\r\n      <ul>        \r\n\r\n       <li class=\"pt-post-author\"><i class=\"fa fa-user\"><\/i>admin1673<\/li>\r\n\r\n        <li class=\"pt-post-meta\"><a href=\"https:\/\/www.claudiomarotta.it\/index.php\/2022\/01\/03\/\"><i class=\"fa fa-calendar\"><\/i>Gennaio 2022<\/a>\r\n\r\n        <\/li>\r\n\r\n        <li class=\"pt-post-tag\">\r\n\r\n           \r\n           <a href=\"https:\/\/www.claudiomarotta.it\/index.php\/category\/senza-categoria\/\"><i class=\"fa fa-tag\"><\/i>Senza categoria<\/a>\r\n\r\n             \r\n\r\n        <\/li>\r\n\r\n       \r\n\r\n      <\/ul>\r\n\r\n    <\/div>\r\n\r\n      \r\n\r\n      <h5 class=\"pt-blog-title\"><a href=\"https:\/\/www.claudiomarotta.it\/index.php\/2022\/01\/03\/difendiamoci-dai-fulmini\/\">Difendiamoci dai fulmini<\/a><\/h5>\r\n\r\n     \r\n\r\n     \r\n\r\n          <p>Argomento suggestivo, ricco ed affascinante, ma altres\u00ec ostico e complesso, quello dei fulmini \u00e8 un mondo con il quale ci relazioniamo quotidianamente che richiede approfondimenti dettagliati e aggiornamenti continui. I fulmini ,sorgenti di danno, producono diversi tipi di guasti e problemi su strutture e servizi. Nell\u2019era di Internet, del crescente impiego di apparecchiature elettriche ed [&hellip;]<\/p>\n \r\n\r\n            <div class=\"pt-btn-container\">\r\n\r\n        <a href=\"https:\/\/www.claudiomarotta.it\/index.php\/2022\/01\/03\/difendiamoci-dai-fulmini\/\" class=\"pt-button\" >\r\n\r\n          <div class=\"pt-button-block\">\r\n\r\n            <span class=\"pt-button-line-left\"><\/span>\r\n\r\n            <span  class=\"pt-button-text\">Read More<\/span>\r\n\r\n            <span class=\"pt-button-line-right\"><\/span>\r\n\r\n            \r\n          <\/div>  \r\n\r\n      <\/a>\r\n\r\n    <\/div>\r\n\r\n    <\/div>\r\n\r\n<\/div>\r\n\r\n    <\/div>\r\n\r\n    \r\n\r\n    \r\n    <div class=\"col-lg-4\">\r\n\r\n     <div class=\"pt-blog-post\">\r\n\r\n    <div class=\"pt-post-media\">\r\n\r\n      \r\n    <\/div>\r\n\r\n    <div class=\"pt-blog-contain\">\r\n\r\n      \r\n    <div class=\"pt-post-meta\">\r\n\r\n      <ul>        \r\n\r\n       <li class=\"pt-post-author\"><i class=\"fa fa-user\"><\/i>admin1673<\/li>\r\n\r\n        <li class=\"pt-post-meta\"><a href=\"https:\/\/www.claudiomarotta.it\/index.php\/2022\/01\/03\/\"><i class=\"fa fa-calendar\"><\/i>Gennaio 2022<\/a>\r\n\r\n        <\/li>\r\n\r\n        <li class=\"pt-post-tag\">\r\n\r\n           \r\n           <a href=\"https:\/\/www.claudiomarotta.it\/index.php\/category\/lavori\/\"><i class=\"fa fa-tag\"><\/i>Lavori<\/a>\r\n\r\n             \r\n\r\n        <\/li>\r\n\r\n       \r\n\r\n      <\/ul>\r\n\r\n    <\/div>\r\n\r\n      \r\n\r\n      <h5 class=\"pt-blog-title\"><a href=\"https:\/\/www.claudiomarotta.it\/index.php\/2022\/01\/03\/come-valutare-un-impianto-elettrico\/\">Come valutare un impianto elettrico<\/a><\/h5>\r\n\r\n     \r\n\r\n     \r\n\r\n          <p>L\u2019Utente&nbsp; inserisce una spina o accende una luce e l\u2019impianto \u00e8 OK, non \u00e8 vero perch\u00e9 si accende la lampada ma la linea potrebbe essere in perdita e un piccolo guasto a terra (corto circuito) mette fuori uso l\u2019intero impianto. Solo recentemente le norme CEI &nbsp;hanno classificato l\u2019impianto in 3 livelli, in riferimento alla loro [&hellip;]<\/p>\n \r\n\r\n            <div class=\"pt-btn-container\">\r\n\r\n        <a href=\"https:\/\/www.claudiomarotta.it\/index.php\/2022\/01\/03\/come-valutare-un-impianto-elettrico\/\" class=\"pt-button\" >\r\n\r\n          <div class=\"pt-button-block\">\r\n\r\n            <span class=\"pt-button-line-left\"><\/span>\r\n\r\n            <span  class=\"pt-button-text\">Read More<\/span>\r\n\r\n            <span class=\"pt-button-line-right\"><\/span>\r\n\r\n            \r\n          <\/div>  \r\n\r\n      <\/a>\r\n\r\n    <\/div>\r\n\r\n    <\/div>\r\n\r\n<\/div>\r\n\r\n    <\/div>\r\n\r\n    \r\n\r\n    \r\n  <\/div>\r\n\r\n<\/div>\r\n\r\n\r\n\t\t<\/div>\n\t\t\t\t<\/div>\n\t\t\t\t\t<\/div>\n\t\t<\/div>\n\t\t\t\t\t\t\t<\/div>\n\t\t<\/div>\n\t\t\t\t\t<\/div>\n\t\t<\/div>\n\t\t\t\t\t\t\t<\/div>\n\t\t<\/div>\n\t\t\t\t\t\t<\/div>\n\t\t\t\t\t<\/div>\n\t\t","protected":false},"excerpt":{"rendered":"<p>admin January 2021 Events App promotes sales &amp; profits In It Solutions It is a long established fact that a reader will be distracted by the readable content of a page when looking at its layout Read More admin January 2021 Events In Depth Industry &amp; Ecosystem Analysis It is a long established fact that [&hellip;]<\/p>\n","protected":false},"author":1,"featured_media":0,"parent":0,"menu_order":0,"comment_status":"closed","ping_status":"closed","template":"","meta":{"_monsterinsights_skip_tracking":false,"_monsterinsights_sitenote_active":false,"_monsterinsights_sitenote_note":"","_monsterinsights_sitenote_category":0,"footnotes":""},"class_list":["post-4193","page","type-page","status-publish","hentry"],"acf":[],"_links":{"self":[{"href":"https:\/\/www.claudiomarotta.it\/index.php\/wp-json\/wp\/v2\/pages\/4193","targetHints":{"allow":["GET"]}}],"collection":[{"href":"https:\/\/www.claudiomarotta.it\/index.php\/wp-json\/wp\/v2\/pages"}],"about":[{"href":"https:\/\/www.claudiomarotta.it\/index.php\/wp-json\/wp\/v2\/types\/page"}],"author":[{"embeddable":true,"href":"https:\/\/www.claudiomarotta.it\/index.php\/wp-json\/wp\/v2\/users\/1"}],"replies":[{"embeddable":true,"href":"https:\/\/www.claudiomarotta.it\/index.php\/wp-json\/wp\/v2\/comments?post=4193"}],"version-history":[{"count":2,"href":"https:\/\/www.claudiomarotta.it\/index.php\/wp-json\/wp\/v2\/pages\/4193\/revisions"}],"predecessor-version":[{"id":26868,"href":"https:\/\/www.claudiomarotta.it\/index.php\/wp-json\/wp\/v2\/pages\/4193\/revisions\/26868"}],"wp:attachment":[{"href":"https:\/\/www.claudiomarotta.it\/index.php\/wp-json\/wp\/v2\/media?parent=4193"}],"curies":[{"name":"wp","href":"https:\/\/api.w.org\/{rel}","templated":true}]}}